{"id":474,"date":"2015-05-14T09:27:23","date_gmt":"2015-05-14T09:27:23","guid":{"rendered":"http:\/\/guenter-berghaus.com\/?page_id=474"},"modified":"2015-05-30T07:07:15","modified_gmt":"2015-05-30T07:07:15","slug":"tactilism-workshop-zagreb","status":"publish","type":"page","link":"https:\/\/guenter-berghaus.com\/?page_id=474","title":{"rendered":"Tactilism Workshop Zagreb"},"content":{"rendered":"<p><a href=\"https:\/\/guenter-berghaus.com\/wp-content\/uploads\/2015\/05\/Zagreb-2015-Tactilism.jpg\"><img loading=\"lazy\" decoding=\"async\" class=\"aligncenter wp-image-645 size-full\" src=\"https:\/\/guenter-berghaus.com\/wp-content\/uploads\/2015\/05\/Zagreb-2015-Tactilism.jpg\" alt=\"Zagreb 2015 Tactilism\" width=\"874\" height=\"485\" srcset=\"https:\/\/guenter-berghaus.com\/wp-content\/uploads\/2015\/05\/Zagreb-2015-Tactilism.jpg 874w, https:\/\/guenter-berghaus.com\/wp-content\/uploads\/2015\/05\/Zagreb-2015-Tactilism-300x166.jpg 300w\" sizes=\"auto, (max-width: 874px) 100vw, 874px\" \/><\/a><\/p>\n<h3 class=\"western\" lang=\"en-GB\" align=\"center\"><span style=\"font-family: Verdana,sans-serif;\"><span style=\"font-size: medium;\">AKADEMIJA LIKOVNIH UMJETNOSTI, KATEDRA ZA KIPARSTVO<\/span><\/span><\/h3>\n<h3 class=\"western\" lang=\"en-GB\" align=\"center\"><\/h3>\n<h3 class=\"western\" lang=\"en-GB\" align=\"center\"><span style=\"font-family: Verdana,sans-serif;\">5. 3. 2015. 14.00 \u2013 17,00<\/span><\/h3>\n<h3 class=\"western\" lang=\"en-GB\"><\/h3>\n<h3 class=\"western\" lang=\"en-GB\" align=\"center\"><span style=\"font-family: Verdana,sans-serif;\"><span style=\"font-size: x-large;\">Tactile Panels<\/span><\/span><\/h3>\n<h3 class=\"western\" lang=\"en-GB\" align=\"center\"><span style=\"font-family: Verdana,sans-serif;\">Workshop with<\/span><\/h3>\n<h3 class=\"western\" lang=\"en-GB\" align=\"center\"><span style=\"font-family: Verdana,sans-serif;\">Professor G\u00fcnter Berghaus,<\/span><\/h3>\n<h3 class=\"western\" lang=\"en-GB\" align=\"center\"><span style=\"font-family: Verdana,sans-serif;\">Fellow at Bristol University,<\/span><\/h3>\n<h3 class=\"western\" lang=\"en-GB\" align=\"center\"><span style=\"font-family: Verdana,sans-serif;\">at<\/span><\/h3>\n<h3 class=\"western\" lang=\"en-GB\" align=\"center\"><span style=\"font-family: Verdana,sans-serif;\">Studio of Prof. Marina Bauer<\/span><\/h3>\n<p>&nbsp;<\/p>\n<p>A detailed description of the aims of Professor Berghaus&#8216; visit in Zagreb is available as a PDF-document: <a href=\"https:\/\/guenter-berghaus.com\/wp-content\/uploads\/2015\/05\/Zagreb-2015-Typhlological-Museum.pdf\">Zagreb 2015 Typhlological Museum.pdf<\/a><\/p>\n<p><a href=\"https:\/\/guenter-berghaus.com\/wp-content\/uploads\/2015\/05\/Zagreb-2015-Tactile-Theatre-Lecture.pdf\">Zagreb 2015 Tactile Theatre Lecture.pdf<\/a><\/p>\n<div id='gallery-1' class='gallery galleryid-474 gallery-columns-4 gallery-size-thumbnail'><figure class='gallery-item'>\n\t\t\t<div class='gallery-icon landscape'>\n\t\t\t\t<a href='https:\/\/guenter-berghaus.com\/?attachment_id=597'><img loading=\"lazy\" decoding=\"async\" width=\"150\" height=\"97\" src=\"https:\/\/guenter-berghaus.com\/wp-content\/uploads\/2015\/05\/1-Workshop-space-1.jpg\" class=\"attachment-thumbnail size-thumbnail\" alt=\"\" \/><\/a>\n\t\t\t<\/div><\/figure><figure class='gallery-item'>\n\t\t\t<div class='gallery-icon landscape'>\n\t\t\t\t<a href='https:\/\/guenter-berghaus.com\/?attachment_id=598'><img loading=\"lazy\" decoding=\"async\" width=\"150\" height=\"99\" src=\"https:\/\/guenter-berghaus.com\/wp-content\/uploads\/2015\/05\/2-Workshop-space-2.jpg\" class=\"attachment-thumbnail size-thumbnail\" alt=\"\" \/><\/a>\n\t\t\t<\/div><\/figure><figure class='gallery-item'>\n\t\t\t<div class='gallery-icon landscape'>\n\t\t\t\t<a href='https:\/\/guenter-berghaus.com\/?attachment_id=599'><img loading=\"lazy\" decoding=\"async\" width=\"150\" height=\"150\" src=\"https:\/\/guenter-berghaus.com\/wp-content\/uploads\/2015\/05\/3-Introduction-1-150x150.jpg\" class=\"attachment-thumbnail size-thumbnail\" alt=\"\" \/><\/a>\n\t\t\t<\/div><\/figure><figure class='gallery-item'>\n\t\t\t<div class='gallery-icon landscape'>\n\t\t\t\t<a href='https:\/\/guenter-berghaus.com\/?attachment_id=601'><img loading=\"lazy\" decoding=\"async\" width=\"150\" height=\"150\" src=\"https:\/\/guenter-berghaus.com\/wp-content\/uploads\/2015\/05\/4-Introduction-2-150x150.jpg\" class=\"attachment-thumbnail size-thumbnail\" alt=\"\" \/><\/a>\n\t\t\t<\/div><\/figure><figure class='gallery-item'>\n\t\t\t<div class='gallery-icon landscape'>\n\t\t\t\t<a href='https:\/\/guenter-berghaus.com\/?attachment_id=602'><img loading=\"lazy\" decoding=\"async\" width=\"150\" height=\"150\" src=\"https:\/\/guenter-berghaus.com\/wp-content\/uploads\/2015\/05\/5-Introduction-3-150x150.jpg\" class=\"attachment-thumbnail size-thumbnail\" alt=\"\" \/><\/a>\n\t\t\t<\/div><\/figure><figure class='gallery-item'>\n\t\t\t<div class='gallery-icon landscape'>\n\t\t\t\t<a href='https:\/\/guenter-berghaus.com\/?attachment_id=603'><img loading=\"lazy\" decoding=\"async\" width=\"150\" height=\"150\" src=\"https:\/\/guenter-berghaus.com\/wp-content\/uploads\/2015\/05\/6-Phase-One-150x150.jpg\" class=\"attachment-thumbnail size-thumbnail\" alt=\"\" \/><\/a>\n\t\t\t<\/div><\/figure><figure class='gallery-item'>\n\t\t\t<div class='gallery-icon landscape'>\n\t\t\t\t<a href='https:\/\/guenter-berghaus.com\/?attachment_id=604'><img loading=\"lazy\" decoding=\"async\" width=\"150\" height=\"150\" src=\"https:\/\/guenter-berghaus.com\/wp-content\/uploads\/2015\/05\/7-Phase-One-150x150.jpg\" class=\"attachment-thumbnail size-thumbnail\" alt=\"\" \/><\/a>\n\t\t\t<\/div><\/figure><figure class='gallery-item'>\n\t\t\t<div class='gallery-icon landscape'>\n\t\t\t\t<a href='https:\/\/guenter-berghaus.com\/?attachment_id=605'><img loading=\"lazy\" decoding=\"async\" width=\"150\" height=\"150\" src=\"https:\/\/guenter-berghaus.com\/wp-content\/uploads\/2015\/05\/8-Phase-One-150x150.jpg\" class=\"attachment-thumbnail size-thumbnail\" alt=\"\" \/><\/a>\n\t\t\t<\/div><\/figure><figure class='gallery-item'>\n\t\t\t<div class='gallery-icon landscape'>\n\t\t\t\t<a href='https:\/\/guenter-berghaus.com\/?attachment_id=606'><img loading=\"lazy\" decoding=\"async\" width=\"150\" height=\"150\" src=\"https:\/\/guenter-berghaus.com\/wp-content\/uploads\/2015\/05\/9-Phase-One-150x150.jpg\" class=\"attachment-thumbnail size-thumbnail\" alt=\"\" \/><\/a>\n\t\t\t<\/div><\/figure><figure class='gallery-item'>\n\t\t\t<div class='gallery-icon landscape'>\n\t\t\t\t<a href='https:\/\/guenter-berghaus.com\/?attachment_id=607'><img loading=\"lazy\" decoding=\"async\" width=\"150\" height=\"150\" src=\"https:\/\/guenter-berghaus.com\/wp-content\/uploads\/2015\/05\/10-Phase-One-150x150.jpg\" class=\"attachment-thumbnail size-thumbnail\" alt=\"\" \/><\/a>\n\t\t\t<\/div><\/figure><figure class='gallery-item'>\n\t\t\t<div class='gallery-icon landscape'>\n\t\t\t\t<a href='https:\/\/guenter-berghaus.com\/?attachment_id=608'><img loading=\"lazy\" decoding=\"async\" width=\"150\" height=\"150\" src=\"https:\/\/guenter-berghaus.com\/wp-content\/uploads\/2015\/05\/11-Phase-One-150x150.jpg\" class=\"attachment-thumbnail size-thumbnail\" alt=\"\" \/><\/a>\n\t\t\t<\/div><\/figure><figure class='gallery-item'>\n\t\t\t<div class='gallery-icon landscape'>\n\t\t\t\t<a href='https:\/\/guenter-berghaus.com\/?attachment_id=609'><img loading=\"lazy\" decoding=\"async\" width=\"150\" height=\"150\" src=\"https:\/\/guenter-berghaus.com\/wp-content\/uploads\/2015\/05\/12-Phase-One-150x150.jpg\" class=\"attachment-thumbnail size-thumbnail\" alt=\"\" \/><\/a>\n\t\t\t<\/div><\/figure><figure class='gallery-item'>\n\t\t\t<div class='gallery-icon landscape'>\n\t\t\t\t<a href='https:\/\/guenter-berghaus.com\/?attachment_id=610'><img loading=\"lazy\" decoding=\"async\" width=\"150\" height=\"113\" src=\"https:\/\/guenter-berghaus.com\/wp-content\/uploads\/2015\/05\/13-Phase-One.jpg\" class=\"attachment-thumbnail size-thumbnail\" alt=\"\" \/><\/a>\n\t\t\t<\/div><\/figure><figure class='gallery-item'>\n\t\t\t<div class='gallery-icon landscape'>\n\t\t\t\t<a href='https:\/\/guenter-berghaus.com\/?attachment_id=611'><img loading=\"lazy\" decoding=\"async\" width=\"150\" height=\"150\" src=\"https:\/\/guenter-berghaus.com\/wp-content\/uploads\/2015\/05\/14-Phase-One-150x150.jpg\" class=\"attachment-thumbnail size-thumbnail\" alt=\"\" \/><\/a>\n\t\t\t<\/div><\/figure><figure class='gallery-item'>\n\t\t\t<div class='gallery-icon landscape'>\n\t\t\t\t<a href='https:\/\/guenter-berghaus.com\/?attachment_id=612'><img loading=\"lazy\" decoding=\"async\" width=\"150\" height=\"150\" src=\"https:\/\/guenter-berghaus.com\/wp-content\/uploads\/2015\/05\/15-Phase-One-150x150.jpg\" class=\"attachment-thumbnail size-thumbnail\" alt=\"\" \/><\/a>\n\t\t\t<\/div><\/figure><figure class='gallery-item'>\n\t\t\t<div class='gallery-icon landscape'>\n\t\t\t\t<a href='https:\/\/guenter-berghaus.com\/?attachment_id=613'><img loading=\"lazy\" decoding=\"async\" width=\"150\" height=\"150\" src=\"https:\/\/guenter-berghaus.com\/wp-content\/uploads\/2015\/05\/16-Phase-One-150x150.jpg\" class=\"attachment-thumbnail size-thumbnail\" alt=\"\" \/><\/a>\n\t\t\t<\/div><\/figure><figure class='gallery-item'>\n\t\t\t<div class='gallery-icon landscape'>\n\t\t\t\t<a href='https:\/\/guenter-berghaus.com\/?attachment_id=614'><img loading=\"lazy\" decoding=\"async\" width=\"150\" height=\"150\" src=\"https:\/\/guenter-berghaus.com\/wp-content\/uploads\/2015\/05\/18-Phase-One-150x150.jpg\" class=\"attachment-thumbnail size-thumbnail\" alt=\"\" \/><\/a>\n\t\t\t<\/div><\/figure><figure class='gallery-item'>\n\t\t\t<div class='gallery-icon landscape'>\n\t\t\t\t<a href='https:\/\/guenter-berghaus.com\/?attachment_id=615'><img loading=\"lazy\" decoding=\"async\" width=\"150\" height=\"150\" src=\"https:\/\/guenter-berghaus.com\/wp-content\/uploads\/2015\/05\/19-Phase-One-150x150.jpg\" class=\"attachment-thumbnail size-thumbnail\" alt=\"\" \/><\/a>\n\t\t\t<\/div><\/figure><figure class='gallery-item'>\n\t\t\t<div class='gallery-icon landscape'>\n\t\t\t\t<a href='https:\/\/guenter-berghaus.com\/?attachment_id=616'><img loading=\"lazy\" decoding=\"async\" width=\"150\" height=\"150\" src=\"https:\/\/guenter-berghaus.com\/wp-content\/uploads\/2015\/05\/20-Phase-One-150x150.jpg\" class=\"attachment-thumbnail size-thumbnail\" alt=\"\" \/><\/a>\n\t\t\t<\/div><\/figure><figure class='gallery-item'>\n\t\t\t<div class='gallery-icon landscape'>\n\t\t\t\t<a href='https:\/\/guenter-berghaus.com\/?attachment_id=617'><img loading=\"lazy\" decoding=\"async\" width=\"150\" height=\"102\" src=\"https:\/\/guenter-berghaus.com\/wp-content\/uploads\/2015\/05\/21-Phase-One.jpg\" class=\"attachment-thumbnail size-thumbnail\" alt=\"\" \/><\/a>\n\t\t\t<\/div><\/figure><figure class='gallery-item'>\n\t\t\t<div class='gallery-icon landscape'>\n\t\t\t\t<a href='https:\/\/guenter-berghaus.com\/?attachment_id=618'><img loading=\"lazy\" decoding=\"async\" width=\"150\" height=\"150\" src=\"https:\/\/guenter-berghaus.com\/wp-content\/uploads\/2015\/05\/22-Marina-Bauer-G\u00fcnter-Berghaus-1-150x150.jpg\" class=\"attachment-thumbnail size-thumbnail\" alt=\"\" \/><\/a>\n\t\t\t<\/div><\/figure><figure class='gallery-item'>\n\t\t\t<div class='gallery-icon landscape'>\n\t\t\t\t<a href='https:\/\/guenter-berghaus.com\/?attachment_id=619'><img loading=\"lazy\" decoding=\"async\" width=\"150\" height=\"150\" src=\"https:\/\/guenter-berghaus.com\/wp-content\/uploads\/2015\/05\/23-Intermediate-1-150x150.jpg\" class=\"attachment-thumbnail size-thumbnail\" alt=\"\" \/><\/a>\n\t\t\t<\/div><\/figure><figure class='gallery-item'>\n\t\t\t<div class='gallery-icon landscape'>\n\t\t\t\t<a href='https:\/\/guenter-berghaus.com\/?attachment_id=620'><img loading=\"lazy\" decoding=\"async\" width=\"150\" height=\"150\" src=\"https:\/\/guenter-berghaus.com\/wp-content\/uploads\/2015\/05\/24-Intermediate-2-150x150.jpg\" class=\"attachment-thumbnail size-thumbnail\" alt=\"\" \/><\/a>\n\t\t\t<\/div><\/figure><figure class='gallery-item'>\n\t\t\t<div class='gallery-icon landscape'>\n\t\t\t\t<a href='https:\/\/guenter-berghaus.com\/?attachment_id=621'><img loading=\"lazy\" decoding=\"async\" width=\"150\" height=\"150\" src=\"https:\/\/guenter-berghaus.com\/wp-content\/uploads\/2015\/05\/25-Intermediate-3-150x150.jpg\" class=\"attachment-thumbnail size-thumbnail\" alt=\"\" \/><\/a>\n\t\t\t<\/div><\/figure><figure class='gallery-item'>\n\t\t\t<div class='gallery-icon landscape'>\n\t\t\t\t<a href='https:\/\/guenter-berghaus.com\/?attachment_id=622'><img loading=\"lazy\" decoding=\"async\" width=\"150\" height=\"150\" src=\"https:\/\/guenter-berghaus.com\/wp-content\/uploads\/2015\/05\/26-Marina-Bauer-G\u00fcnter-Berghaus-2-150x150.jpg\" class=\"attachment-thumbnail size-thumbnail\" alt=\"\" \/><\/a>\n\t\t\t<\/div><\/figure><figure class='gallery-item'>\n\t\t\t<div class='gallery-icon portrait'>\n\t\t\t\t<a href='https:\/\/guenter-berghaus.com\/?attachment_id=623'><img loading=\"lazy\" decoding=\"async\" width=\"150\" height=\"150\" src=\"https:\/\/guenter-berghaus.com\/wp-content\/uploads\/2015\/05\/27-\u017deljka-Su\u0161i\u0107-150x150.jpg\" class=\"attachment-thumbnail size-thumbnail\" alt=\"\" \/><\/a>\n\t\t\t<\/div><\/figure><figure class='gallery-item'>\n\t\t\t<div class='gallery-icon landscape'>\n\t\t\t\t<a href='https:\/\/guenter-berghaus.com\/?attachment_id=624'><img loading=\"lazy\" decoding=\"async\" width=\"150\" height=\"150\" src=\"https:\/\/guenter-berghaus.com\/wp-content\/uploads\/2015\/05\/28-G\u00fcnter-Berghaus-2-150x150.jpg\" class=\"attachment-thumbnail size-thumbnail\" alt=\"\" \/><\/a>\n\t\t\t<\/div><\/figure><figure class='gallery-item'>\n\t\t\t<div class='gallery-icon landscape'>\n\t\t\t\t<a href='https:\/\/guenter-berghaus.com\/?attachment_id=625'><img loading=\"lazy\" decoding=\"async\" width=\"150\" height=\"150\" src=\"https:\/\/guenter-berghaus.com\/wp-content\/uploads\/2015\/05\/29-Tactile-test-1-150x150.jpg\" class=\"attachment-thumbnail size-thumbnail\" alt=\"\" \/><\/a>\n\t\t\t<\/div><\/figure><figure class='gallery-item'>\n\t\t\t<div class='gallery-icon landscape'>\n\t\t\t\t<a href='https:\/\/guenter-berghaus.com\/?attachment_id=630'><img loading=\"lazy\" decoding=\"async\" width=\"150\" height=\"150\" src=\"https:\/\/guenter-berghaus.com\/wp-content\/uploads\/2015\/05\/30-Tactile-test-2-150x150.jpg\" class=\"attachment-thumbnail size-thumbnail\" alt=\"\" \/><\/a>\n\t\t\t<\/div><\/figure><figure class='gallery-item'>\n\t\t\t<div class='gallery-icon landscape'>\n\t\t\t\t<a href='https:\/\/guenter-berghaus.com\/?attachment_id=631'><img loading=\"lazy\" decoding=\"async\" width=\"150\" height=\"150\" src=\"https:\/\/guenter-berghaus.com\/wp-content\/uploads\/2015\/05\/31-Tactile-test-3-150x150.jpg\" class=\"attachment-thumbnail size-thumbnail\" alt=\"\" \/><\/a>\n\t\t\t<\/div><\/figure><figure class='gallery-item'>\n\t\t\t<div class='gallery-icon landscape'>\n\t\t\t\t<a href='https:\/\/guenter-berghaus.com\/?attachment_id=632'><img loading=\"lazy\" decoding=\"async\" width=\"150\" height=\"150\" src=\"https:\/\/guenter-berghaus.com\/wp-content\/uploads\/2015\/05\/32-Tactile-test-4-150x150.jpg\" class=\"attachment-thumbnail size-thumbnail\" alt=\"\" \/><\/a>\n\t\t\t<\/div><\/figure><figure class='gallery-item'>\n\t\t\t<div class='gallery-icon landscape'>\n\t\t\t\t<a href='https:\/\/guenter-berghaus.com\/?attachment_id=633'><img loading=\"lazy\" decoding=\"async\" width=\"150\" height=\"150\" src=\"https:\/\/guenter-berghaus.com\/wp-content\/uploads\/2015\/05\/33-Tactile-test-5-150x150.jpg\" class=\"attachment-thumbnail size-thumbnail\" alt=\"\" \/><\/a>\n\t\t\t<\/div><\/figure><figure class='gallery-item'>\n\t\t\t<div class='gallery-icon landscape'>\n\t\t\t\t<a href='https:\/\/guenter-berghaus.com\/?attachment_id=634'><img loading=\"lazy\" decoding=\"async\" width=\"150\" height=\"150\" src=\"https:\/\/guenter-berghaus.com\/wp-content\/uploads\/2015\/05\/34-Tactile-test-6-150x150.jpg\" class=\"attachment-thumbnail size-thumbnail\" alt=\"\" \/><\/a>\n\t\t\t<\/div><\/figure><figure class='gallery-item'>\n\t\t\t<div class='gallery-icon landscape'>\n\t\t\t\t<a href='https:\/\/guenter-berghaus.com\/?attachment_id=635'><img loading=\"lazy\" decoding=\"async\" width=\"150\" height=\"150\" src=\"https:\/\/guenter-berghaus.com\/wp-content\/uploads\/2015\/05\/35-Panel-1-150x150.jpg\" class=\"attachment-thumbnail size-thumbnail\" alt=\"\" \/><\/a>\n\t\t\t<\/div><\/figure><figure class='gallery-item'>\n\t\t\t<div class='gallery-icon landscape'>\n\t\t\t\t<a href='https:\/\/guenter-berghaus.com\/?attachment_id=636'><img loading=\"lazy\" decoding=\"async\" width=\"150\" height=\"150\" src=\"https:\/\/guenter-berghaus.com\/wp-content\/uploads\/2015\/05\/36-Panel-1-150x150.jpg\" class=\"attachment-thumbnail size-thumbnail\" alt=\"\" \/><\/a>\n\t\t\t<\/div><\/figure><figure class='gallery-item'>\n\t\t\t<div class='gallery-icon landscape'>\n\t\t\t\t<a href='https:\/\/guenter-berghaus.com\/?attachment_id=637'><img loading=\"lazy\" decoding=\"async\" width=\"150\" height=\"150\" src=\"https:\/\/guenter-berghaus.com\/wp-content\/uploads\/2015\/05\/37-Panel-2-150x150.jpg\" class=\"attachment-thumbnail size-thumbnail\" alt=\"\" \/><\/a>\n\t\t\t<\/div><\/figure><figure class='gallery-item'>\n\t\t\t<div class='gallery-icon landscape'>\n\t\t\t\t<a href='https:\/\/guenter-berghaus.com\/?attachment_id=638'><img loading=\"lazy\" decoding=\"async\" width=\"150\" height=\"150\" src=\"https:\/\/guenter-berghaus.com\/wp-content\/uploads\/2015\/05\/38-Panel-2-150x150.jpg\" class=\"attachment-thumbnail size-thumbnail\" alt=\"\" \/><\/a>\n\t\t\t<\/div><\/figure><figure class='gallery-item'>\n\t\t\t<div class='gallery-icon landscape'>\n\t\t\t\t<a href='https:\/\/guenter-berghaus.com\/?attachment_id=639'><img loading=\"lazy\" decoding=\"async\" width=\"150\" height=\"150\" src=\"https:\/\/guenter-berghaus.com\/wp-content\/uploads\/2015\/05\/39-Panel-4-150x150.jpg\" class=\"attachment-thumbnail size-thumbnail\" alt=\"\" \/><\/a>\n\t\t\t<\/div><\/figure><figure class='gallery-item'>\n\t\t\t<div class='gallery-icon landscape'>\n\t\t\t\t<a href='https:\/\/guenter-berghaus.com\/?attachment_id=640'><img loading=\"lazy\" decoding=\"async\" width=\"150\" height=\"150\" src=\"https:\/\/guenter-berghaus.com\/wp-content\/uploads\/2015\/05\/39-Panel-41-150x150.jpg\" class=\"attachment-thumbnail size-thumbnail\" alt=\"\" \/><\/a>\n\t\t\t<\/div><\/figure><figure class='gallery-item'>\n\t\t\t<div class='gallery-icon landscape'>\n\t\t\t\t<a href='https:\/\/guenter-berghaus.com\/?attachment_id=641'><img loading=\"lazy\" decoding=\"async\" width=\"150\" height=\"150\" src=\"https:\/\/guenter-berghaus.com\/wp-content\/uploads\/2015\/05\/40-Panel-3-150x150.jpg\" class=\"attachment-thumbnail size-thumbnail\" alt=\"\" \/><\/a>\n\t\t\t<\/div><\/figure><figure class='gallery-item'>\n\t\t\t<div class='gallery-icon landscape'>\n\t\t\t\t<a href='https:\/\/guenter-berghaus.com\/?attachment_id=642'><img loading=\"lazy\" decoding=\"async\" width=\"150\" height=\"150\" src=\"https:\/\/guenter-berghaus.com\/wp-content\/uploads\/2015\/05\/41-Panel-3-150x150.jpg\" class=\"attachment-thumbnail size-thumbnail\" alt=\"\" \/><\/a>\n\t\t\t<\/div><\/figure><figure class='gallery-item'>\n\t\t\t<div class='gallery-icon landscape'>\n\t\t\t\t<a href='https:\/\/guenter-berghaus.com\/?attachment_id=643'><img loading=\"lazy\" decoding=\"async\" width=\"150\" height=\"150\" src=\"https:\/\/guenter-berghaus.com\/wp-content\/uploads\/2015\/05\/42-Panel-5-150x150.jpg\" class=\"attachment-thumbnail size-thumbnail\" alt=\"\" \/><\/a>\n\t\t\t<\/div><\/figure>\n\t\t<\/div>\n\n","protected":false},"excerpt":{"rendered":"<p>AKADEMIJA LIKOVNIH UMJETNOSTI, KATEDRA ZA KIPARSTVO 5. 3. 2015. 14.00 \u2013 17,00 Tactile Panels Workshop with Professor G\u00fcnter Berghaus, Fellow at Bristol University, at Studio of Prof. Marina Bauer &nbsp; A detailed description of the aims of Professor Berghaus&#8216; visit in Zagreb is available as a PDF-document: Zagreb 2015 Typhlological Museum.pdf Zagreb 2015 Tactile Theatre [&hellip;]<\/p>\n","protected":false},"author":1,"featured_media":0,"parent":0,"menu_order":0,"comment_status":"open","ping_status":"open","template":"","meta":{"ngg_post_thumbnail":0,"footnotes":""},"class_list":["post-474","page","type-page","status-publish","hentry"],"_links":{"self":[{"href":"https:\/\/guenter-berghaus.com\/index.php?rest_route=\/wp\/v2\/pages\/474","targetHints":{"allow":["GET"]}}],"collection":[{"href":"https:\/\/guenter-berghaus.com\/index.php?rest_route=\/wp\/v2\/pages"}],"about":[{"href":"https:\/\/guenter-berghaus.com\/index.php?rest_route=\/wp\/v2\/types\/page"}],"author":[{"embeddable":true,"href":"https:\/\/guenter-berghaus.com\/index.php?rest_route=\/wp\/v2\/users\/1"}],"replies":[{"embeddable":true,"href":"https:\/\/guenter-berghaus.com\/index.php?rest_route=%2Fwp%2Fv2%2Fcomments&post=474"}],"version-history":[{"count":13,"href":"https:\/\/guenter-berghaus.com\/index.php?rest_route=\/wp\/v2\/pages\/474\/revisions"}],"predecessor-version":[{"id":1211,"href":"https:\/\/guenter-berghaus.com\/index.php?rest_route=\/wp\/v2\/pages\/474\/revisions\/1211"}],"wp:attachment":[{"href":"https:\/\/guenter-berghaus.com\/index.php?rest_route=%2Fwp%2Fv2%2Fmedia&parent=474"}],"curies":[{"name":"wp","href":"https:\/\/api.w.org\/{rel}","templated":true}]}}